. What is the remainder when (8/(-12))/(2/v) is divided by o?
14
Let g(a) = -a**3 + 7*a**2 - 6*a - 4. Suppose -2*d = 4*w - 28, 4*w = 9*w + 4*d - 41. What is the remainder when 30 is divided by g(w)?
14
Let k be 24/8 - -13*1. Let w = k - 10. Calculate the remainder when 15 is divided by w.
3
Let z(l) be the third derivative of 0*l - 1/6*l**3 - 2*l**2 - 7/24*l**4 + 0. What is the remainder when 11 is divided by z(-1)?
5
Let z(d) = 2*d**2 - 6*d - 2. Let i = 1 - -2. What is the remainder when z(4) is divided by i?
0
Calculate the remainder when 77 is divided by (-20)/((1*-4)/4).
17
What is the remainder when (-64)/(2 + -5 - -1) is divided by 4/6*(-51)/(-2)?
15
Let n = 18 - 8. Let t = 17 - n. Let j = t + -4. Calculate the remainder when 8 is divided by j.
2
Suppose a = 2*f + 33, -3*a + 2*f = 2*a - 149. What is the remainder when a is divided by 7/((-35)/(-30)) - -4?
9
Let z = 31 - 14. Let h(x) = 5*x**3 + 4*x**2 - 2*x - 2. What is the remainder when h(2) is divided by z?
16
Suppose 4*u + y = 2*y + 76, 5*u + 2*y - 108 = 0. What is the remainder when 37 is divided by u?
17
Let l(t) = -t**3 + 20*t**2 - 15*t - 42. Calculate the remainder when 74 is divided by l(19).
6
Let p = -92 - -147. Suppose -t = v - 31 - 60, -v - 182 = -2*t. Suppose z = 4*g + 14 - t, 4*g = 2*z + 78. What is the remainder when p is divided by g?
17
Let s(j) be the third derivative of -j**4/4 + j**3 - 3*j**2. What is the remainder when s(-3) is divided by 9?
6
Let d(s) = -s**3 + 7*s**2 + s - 4. What is the remainder when (-8)/28 - 88/(-14) is divided by d(7)?
0
Let t(b) = 3*b + 1. Let d be t(5). Let u = -12 + d. What is the remainder when u is divided by 2?
0
Suppose 4*a = -3*f + 87, -a - 2*f + 7*f = 7. Calculate the remainder when a is divided by 7.
4
Let x(i) = i**3 - 22*i**2 + 2*i - 19. Calculate the remainder when 73 is divided by x(22).
23
Let c(k) = k**3 - 6*k**2 + 2*k + 7. What is the remainder when c(6) is divided by 5?
4
Let q(n) = -8*n**3 - 4*n**2 - 4*n - 3. Let m be q(-2). Suppose 3*g - 127 = m. What is the remainder when g is divided by 21?
18
Suppose -3*l = -3*t + 4 - 13, -4*l + 3*t + 7 = 0. Let p be l/(-2 - -4) - 2. Calculate the remainder when 38 is divided by (-15)/(0 - p/(-2)).
8
Suppose -h = -4*v + 68 - 22, 0 = 2*v + 2*h - 28. What is the remainder when v is divided by 5?
2
Let q = -6 + 10. Let l = 33 - 19. What is the remainder when 13 is divided by (-102)/(-14) - q/l?
6
What is the remainder when 10 is divided by (-1)/((-3)/(-6)) + 4?
0
Suppose 5*o - 2*o - 12 = 0. Suppose 0*z = -o*z + 60. Suppose -3 - 37 = -5*n. Calculate the remainder when z is divided by n.
7
Let y(b) be the second derivative of 7*b**4/6 + b**3/3 + b**2/2 + b. What is the remainder when y(2) is divided by 1 + (-3)/(3/(-20))?
19
Let o be 1 + 1 + -1 + 1. Let f(z) = o*z + 0*z + z + 0*z - 7. What is the remainder when 27 is divided by f(7)?
13
Suppose -3*a + 152 - 29 = 0. What is the remainder when a is divided by 11?
8
Suppose 5*q = -5*o + 140, 58 + 82 = 5*o - 2*q. Let s = o + -5. Calculate the remainder when s is divided by (32/(-2))/4 - 190/(-19).
5
Suppose 8 + 10 = 6*k. What is the remainder when 9 is divided by k?
0
What is the remainder when 176/10 + 20/50 is divided by 10?
8
What is the remainder when 43 is divided by (-26)/(-6) - (6 + (-119)/21)?
3
Suppose -s + 5*z = 3 + 5, 0 = 4*s + 5*z - 93. Let w = 28 - s. Suppose 2*d + 63 = 5*d. Calculate the remainder when d is divided by w.
10
Suppose x - 2 = 2*w, -6*x - 5*w - 5 = -x. Suppose 2*r + 0*r - 20 = x. Let f = 14 - r. Calculate the remainder when 9 is divided by f.
1
Suppose 3 + 3 = 2*r. Calculate the remainder when r is divided by 1.
0
Let c = -5 - -9. Suppose m - 5*m + 3 = 3*q, 0 = m + 2*q - 7. Calculate the remainder when c is divided by (3 + -2)/(m/(-9)).
1
Suppose -2*x + 46 + 0 = 0. What is the remainder when x is divided by 8?
7
Calculate the remainder when (-525)/(-18) + (-4)/24 is divided by 8.
5
Let n(d) = -d**2 + 5*d + 4. Let j(x) = -x + 13. Let q be j(10). What is the remainder when 20 + (1 + 0)/(-1) is divided by n(q)?
9
What is the remainder when -471*(4/(-8))/(3/2) is divided by 40?
37
Suppose -1 = -4*c + 15. Suppose 12 = c*q + 4*d, -2*q + 26 = -d - 2*d. What is the remainder when 26 is divided by q?
5
Let p(t) = 14*t + 2. Let x = -64 - -182. Calculate the remainder when x is divided by p(2).
28
Let y = -15 + 18. Suppose -120 = -y*d - 2*d. Calculate the remainder when 70 is divided by d.
22
Calculate the remainder when 1*4*59*(-4)/(-8) is divided by 15.
13
Suppose -5*g + 0*d = 5*d - 155, -5*g - 3*d + 147 = 0. Calculate the remainder when g is divided by 6.
3
Suppose p + 325 = 5*n, 3*n + 0*p + 2*p = 208. Let q = n - 47. Suppose 4*s - s - 165 = 0. Calculate the remainder when s is divided by q.
17
Let n(c) = 2*c**2 - 11*c + 4. Suppose 3*p - 11 = 2*b, -p - 5*b + 11 = -3*p. What is the remainder when n(p) is divided by 9?
7
Suppose -49 = -f + 3*h, 3*f - 130 - 59 = -5*h. Suppose 8 = -5*k + f. Suppose 3*t + 5*p + 5 = k, -4*p = 5*t - 17. Calculate the remainder when t is divided by 3.
2
Let j be 1 + (-11 - -3) - 3. What is the remainder when 17 is divided by j/(1 - (-1 - -3))?
7
Suppose 2 = -m + 4*p - 12, -p = -5. Calculate the remainder when 11 is divided by m.
5
Let y = -16 + 22. What is the remainder when (340/y)/(12/18) is divided by 22?
19
Suppose 0 = 5*y, u - 645 = -2*u - y. Suppose -d + u = 4*d. What is the remainder when d is divided by 15?
13
Let i = -35 - -25. Let p = 14 + i. Calculate the remainder when 11 is divided by p.
3
Suppose 4*y - 6*y = -12. Suppose u + k - 365 = 6*k, 4*u - 1535 = 5*k. Calculate the remainder when (4/5)/(y/u) is divided by 18.
16
Suppose 5*a - 2 = 183. Calculate the remainder when a is divided by 10.
7
Suppose 2*j = 5*i + 3*j - 143, -j + 3 = 0. Calculate the remainder when 54 is divided by i.
26
Let b = -15 - -29. Calculate the remainder when 25 is divided by b.
11
Let z(x) = x**3 - 6*x**2 - 6*x - 7. Let k = -15 + 22. Let l be z(k). Suppose 4*g - 8 = -l. Calculate the remainder when g is divided by 2.
0
Suppose -4*c + 9 = -c + 4*v, 0 = -4*c - 5*v + 12. Suppose 2*o - 3*x + 9 = -6*x, -4*o + x + 17 = 0. Calculate the remainder when c is divided by o.
0
Let d(y) = y**3 - 13*y**2 + y + 3. What is the remainder when 26 is divided by d(13)?
10
Let w = 41 - -22. Calculate the remainder when w is divided by 16.
15
What is the remainder when 41 is divided by (-3)/((-24)/110) + 3/12?
13
Suppose -2*j = a - 3*j - 226, 0 = -2*a - 3*j + 447. Suppose 0 = y + 4*y - a. Suppose 75 = 5*c - y. What is the remainder when c is divided by 13?
11
Calculate the remainder when (-1336)/(-14) + 9/(-21) is divided by 24.
23
Let u(o) = -o**3 - 7*o**2 + 10*o - 8. Let w be u(-8). Let h = -7 - w. Calculate the remainder when h is divided by 5.
2
Suppose 0 = -4*w + 4, 2*w - 6*w - 104 = -4*i. What is the remainder when i is divided by 10?
7
Suppose -2*t - 39 = -x, -t - t = 2*x - 84. Suppose 2*n = 0, 4*j - 4*n - 61 = 51. Let b = -17 + j. Calculate the remainder when x is divided by b.
8
Calculate the remainder when -31*((-88)/56 + (-3)/7) is divided by 21.
20
Let w = -46 - -90. Calculate the remainder when w is divided by 9.
8
Let r(i) = i**2 - 7*i - 17. Calculate the remainder when 73 is divided by r(10).
8
Suppose 0 = 2*b + 2*b - 112. Let n = 8 + -2. Suppose -n*h + 10 = -5*h. What is the remainder when b is divided by h?
8
Suppose -2*g = 2*g - 80. What is the remainder when (-59)/3*6/(-2) is divided by g?
19
Let t(y) = -2*y + 3*y + 9 + 10. Let i(q) = 8*q + 1. What is the remainder when i(1) is divided by t(-14)?
4
Suppose 3*u - 5*x = 94, x + 83 + 37 = 5*u. What is the remainder when u is divided by 13?
10
Let u = 333 + -225. Calculate the remainder when u is divided by 10.
8
Suppose 0 = 5*u - z - 14, -3*u - z - 2 + 4 = 0. What is the remainder when (-2)/(-10) - (-87)/15 is divided by u?
0
Let y(x) = -x**3 + x**2 + 9*x - 2. What is the remainder when y(-4) is divided by 9?
6
Let b(v) = 0*v - 7 + 2 + 7*v - 3*v**2 + 4*v**2. What is the remainder when 49 is divided by b(-10)?
24
Let u(f) = 2*f**2 + 2*f + 5. Let s be u(-5). Suppose 2*h - d + s = 2*d, 5*d - 43 = 2*h. Let q = -16 - h. What is the remainder when q is divided by 3?
2
Let h(l) be the first derivative of l**3/3 + 4*l**2 + 4*l - 1. Let n = 34 + -19. What is the remainder whe